{"id":336,"date":"2026-08-12T18:13:08","date_gmt":"2026-08-12T16:13:08","guid":{"rendered":"http:\/\/localhost\/expositions-et-presse\/"},"modified":"2026-08-12T18:13:08","modified_gmt":"2026-08-12T16:13:08","slug":"expositions-et-presse","status":"publish","type":"page","link":"https:\/\/irinadopont.fr\/?page_id=336","title":{"rendered":"Expositions et presse"},"content":{"rendered":"\n\n\n\nExpositions\n\n\n\n\n\n\n\n\n\n\n\n\n\n\n\n\n\n<strong>Mai 2026<\/strong>\n\n\n\nEscape game l&#8217;emprise\n\n\n\n\n\nLes arts en Balade<br>Clermont-Ferrand (63)\n\n\n\n\n\n\n\n\n\n<strong>Juin 2025<\/strong>\n\n\n\n<strong>Galerie Quatri\u00e8me<\/strong><br>Clermont-Ferrand (63)\n\n\n\n<strong>Mars 2025<\/strong>\n\n\n\nFoultitude\n\n\n\n\n\nMaison de Mandrin<br>Brioude (43)\n\n\n\n<br>R\u00e9miniscence\n\n\n\n\n\nExposition collective<br>Atelier Reine-Mathilde, Clermont-Ferrand (63)\n\n\n\n\n\n\n\n\n\n\n\n\n\n\n\n\n\n\n\n\n\n\n\n\n\n\n\n\n\n<strong>Novembre 202<\/strong>4\n\n\n\n<strong>Lezoom sur l&#8217;art<\/strong><br>Lezoux (63)\n\n\n\n<strong>Septembre 202<\/strong>4\n\n\n\nL&#8217;I.A. nous regarde\n\n\n\n\n\nBistrot de la mairie<br>Clermont-Ferrand (63)\n\n\n\n<strong>Juin 2024<\/strong>\n\n\n\n<strong>Exposition collective<\/strong><br>Maringues (63)<br><strong>Parution de catalogue <em>Variation Terre<\/em><\/strong>\n\n\n\n<strong>Mars-Avril 2024<\/strong>\n\n\n\n<strong>Galerie Quatri\u00e8me<\/strong><br>Clermont-Ferrand (63)\n\n\n\n\n\n\n\n\n\nNovembre <strong>2023<\/strong>\n\n\n\n<strong>Le Photomat<\/strong><br>Clermont-Ferrand (63)\n\n\n\nMai <strong>2023<\/strong>\n\n\n\nLe cirque des humains\n\n\n\n\n\nLes arts en balade,<br>Clermont-Ferrand (63)\n\n\n\n\n\n\n\n\n\n\n\n\n\n\n\n\n\n\n\nMai <strong>2022<\/strong>\n\n\n\n<strong>Les arts en balade<\/strong><br>Clermont-Ferrand (63)\n\n\n\nMars <strong>202<\/strong>2\n\n\n\n<strong>Maison des associations<\/strong><br>Chamali\u00e8res (63)\n\n\n\n\n\n\n\n\n\n\n\n\n\nParutions\n\n\n\n\n\n\n\nAux Editions Musimot\n\n\n\n\n\nLa caresse de l&#8217;\u00e9corce, po\u00e9sie, 2022<br>&#8220;Filigrane D\u00e9si-re&#8221; in D\u00e9sir, anthologie, coll. Textes courts, 2021<br>Viens !, po\u00e9sie, coll. Textes courts, 2019<br>Au commencement, po\u00e9sie, 2017<br>\u00f4, po\u00e9sie, coll. Textes courts, 2016<br>L&#8217;interrompue, r\u00e9cit autobiographique, 2015<br>Le tableau, roman, 2013<br>La deuxi\u00e8me chance, roman, 2011<br>\u00c9quation, po\u00e9sie, 2010\n\n\n\n\n\n\n\n\n\n\n\n\n\n\n\n\n\n\n\n\n\n\n\n\n\n\n\n\n\n\n\n\n\n\n\n\n\n\n\nAutres\n\n\n\n\n\nBeaut\u00e9, r\u00e9cit autobiographique, Editions Delatour, 2019<br>Les passeurs, po\u00e9sie, auto-\u00e9dition, 2012<br>Les joies simples, po\u00e9sie, auto-\u00e9dition, 2010<br>D&#8212;-, Editions La Bruy\u00e8re, 2009\n\n\n\n\n\n\n\n\n\nPresse\n\n\n\n\n\n\n\n\n\n\n\n\n\n\n\u00c9couter &#8220;jour tout neuf&#8221;\n\n\n\n\n\n\n\n\n\n\nScreenshot\n\n\n\n\n\n\n\n\n\n\n\n","protected":false},"excerpt":{"rendered":"","protected":false},"author":2,"featured_media":0,"parent":0,"menu_order":0,"comment_status":"closed","ping_status":"closed","template":"full-width","meta":{"footnotes":""},"class_list":["post-336","page","type-page","status-publish","hentry"],"_links":{"self":[{"href":"https:\/\/irinadopont.fr\/index.php?rest_route=\/wp\/v2\/pages\/336","targetHints":{"allow":["GET"]}}],"collection":[{"href":"https:\/\/irinadopont.fr\/index.php?rest_route=\/wp\/v2\/pages"}],"about":[{"href":"https:\/\/irinadopont.fr\/index.php?rest_route=\/wp\/v2\/types\/page"}],"author":[{"embeddable":true,"href":"https:\/\/irinadopont.fr\/index.php?rest_route=\/wp\/v2\/users\/2"}],"replies":[{"embeddable":true,"href":"https:\/\/irinadopont.fr\/index.php?rest_route=%2Fwp%2Fv2%2Fcomments&post=336"}],"version-history":[{"count":0,"href":"https:\/\/irinadopont.fr\/index.php?rest_route=\/wp\/v2\/pages\/336\/revisions"}],"wp:attachment":[{"href":"https:\/\/irinadopont.fr\/index.php?rest_route=%2Fwp%2Fv2%2Fmedia&parent=336"}],"curies":[{"name":"wp","href":"https:\/\/api.w.org\/{rel}","templated":true}]}}

Expositions

















<strong>Mai 2026</strong>



Escape game l&#8217;emprise





Les arts en Balade<br>Clermont-Ferrand (63)









<strong>Juin 2025</strong>



<strong>Galerie Quatrième</strong><br>Clermont-Ferrand (63)



<strong>Mars 2025</strong>



Foultitude





Maison de Mandrin<br>Brioude (43)



<br>Réminiscence





Exposition collective<br>Atelier Reine-Mathilde, Clermont-Ferrand (63)





























<strong>Novembre 202</strong>4



<strong>Lezoom sur l&#8217;art</strong><br>Lezoux (63)



<strong>Septembre 202</strong>4



L&#8217;I.A. nous regarde





Bistrot de la mairie<br>Clermont-Ferrand (63)



<strong>Juin 2024</strong>



<strong>Exposition collective</strong><br>Maringues (63)<br><strong>Parution de catalogue <em>Variation Terre</em></strong>



<strong>Mars-Avril 2024</strong>



<strong>Galerie Quatrième</strong><br>Clermont-Ferrand (63)









Novembre <strong>2023</strong>



<strong>Le Photomat</strong><br>Clermont-Ferrand (63)



Mai <strong>2023</strong>



Le cirque des humains





Les arts en balade,<br>Clermont-Ferrand (63)



















Mai <strong>2022</strong>



<strong>Les arts en balade</strong><br>Clermont-Ferrand (63)



Mars <strong>202</strong>2



<strong>Maison des associations</strong><br>Chamalières (63)













Parutions







Aux Editions Musimot





La caresse de l&#8217;écorce, poésie, 2022<br>&#8220;Filigrane Dési-re&#8221; in Désir, anthologie, coll. Textes courts, 2021<br>Viens !, poésie, coll. Textes courts, 2019<br>Au commencement, poésie, 2017<br>ô, poésie, coll. Textes courts, 2016<br>L&#8217;interrompue, récit autobiographique, 2015<br>Le tableau, roman, 2013<br>La deuxième chance, roman, 2011<br>Équation, poésie, 2010







































Autres





Beauté, récit autobiographique, Editions Delatour, 2019<br>Les passeurs, poésie, auto-édition, 2012<br>Les joies simples, poésie, auto-édition, 2010<br>D&#8212;-, Editions La Bruyère, 2009









Presse














Écouter &#8220;jour tout neuf&#8221;










Screenshot
